 divided by 51?
11
Suppose -k + 152 = 3*k. Let o = k - 16. Calculate the remainder when o is divided by (-3 + 7)*-1 + 16.
10
Let q(s) = 4*s**3 - 2*s**2 + s + 4. Calculate the remainder when q(3) is divided by 4/6 - 1 - 700/(-21).
31
Let u(c) = c**2 - c - 2. Let n be u(-6). Let o(d) = -5*d + 25. Let g be o(4). Suppose -45 = -g*h + n. Calculate the remainder when 49 is divided by h.
15
Let j = 96 + -51. Suppose 0 = 2*m - j - 197. What is the remainder when m is divided by 31?
28
Let g(x) = x**2 + 3*x + 12. Calculate the remainder when 108 is divided by g(-6).
18
Let q be (50/(-20))/(2/(-20)). Suppose -6*f + q = -f. Suppose 0*h + 6 = 2*h. Calculate the remainder when f is divided by h.
2
Suppose -47 = -6*z + 523. Suppose 3*w + 44 = z. What is the remainder when 30 is divided by w?
13
Suppose x - 9 - 77 = 3*i, 5*x + i - 398 = 0. Let j = 209 - x. What is the remainder when j is divided by 22?
19
Let t = 10 + 14. Calculate the remainder when 88 is divided by t.
16
Suppose 6*v - 97 = 41. What is the remainder when v is divided by 9 - 4*9/12?
5
Let q(f) = f - 7. Let i(k) = -k**2 + 12*k. What is the remainder when i(11) is divided by q(13)?
5
Let a(m) = -m + 11. Let u(i) = -3*i + 34. Let f(x) = -11*a(x) + 4*u(x). Let h be f(15). Calculate the remainder when 38 is divided by -1 + (1 - h) + 10.
8
Let q be (-2 + 2)/(4/2). Suppose q = -5*p - 3*t - 21, 4*t = -3*p - 2*p - 18. Let s(l) = l**2 + 2*l - 2. What is the remainder when s(p) is divided by 12?
10
Suppose 5*l - 14 = 41. Calculate the remainder when l is divided by (-4 + 6)/(24/36).
2
Let g(j) = 10*j**2 + j - 1. Let x be g(-1). Suppose x*y - 7*y = 4. What is the remainder when 14 is divided by y?
2
Suppose -5*p + 2*h + 1705 = 0, -720 = 5*p + h - 2425. Suppose -12*b + p = 65. Calculate the remainder when 111 is divided by b.
19
Suppose -2*l + 175 = d, -2*l + 12 + 148 = 4*d. Calculate the remainder when l is divided by 24.
18
Let m = 38 + -35. Suppose 0 = -m*d + 7 + 17. What is the remainder when 12 is divided by d?
4
Suppose s = -526 + 621. Calculate the remainder when s is divided by 18.
5
Let s = 17 - 14. Suppose 1 + 47 = s*m. What is the remainder when 31 is divided by m?
15
Let s(g) = g**3 - 5*g**2 + 8*g - 2. Let b(i) = -6*i - 14. Let w be b(-3). What is the remainder when s(w) is divided by 3?
2
What is the remainder when 419 is divided by 10/30 + (-450)/(-27)?
11
Let z be 130/18 - 2/9. Suppose z*l - 3*l = 24. Calculate the remainder when l is divided by ((7 - -2) + -17)*(-6)/16.
0
Let q = -3 - -8. Suppose 0 = -2*r - 5*d - 16, -d + 8 = q*r + 2. Suppose -7*t + r*t = -320. Calculate the remainder when t is divided by 22.
20
Suppose 0*o + 145 = 5*o. Let t = 140 + -77. Let c = t - o. Calculate the remainder when c is divided by 6.
4
Suppose -3*j - 13 = -2*i, -4*i - 4*j - 2 = i. Let s(y) = y - 3. What is the remainder when s(16) is divided by i?
1
Let j = -61 - -86. Suppose 5*y = -j, -1 + 2 = -2*x - 3*y. What is the remainder when 34 is divided by x?
6
Let f(d) be the first derivative of -d**4/4 + 2*d**3/3 + 5*d**2/2 + 5*d - 16. What is the remainder when 18 is divided by f(-2)?
7
Let h = 309 - 295. What is the remainder when 22 is divided by h?
8
Let k(g) = g**3 + 6*g**2 - 2*g - 9. Let y be k(-6). Calculate the remainder when (-3)/(-2)*(y + 1) is divided by (2/4)/((-3)/(-12)).
0
Suppose 3*g - 36 = -0*g. Suppose 5 = -m, 0 = t - 5*m - 57 + 12. Calculate the remainder when t is divided by g.
8
Let t(r) = -2*r + 1 + 13*r + 0 + 2. Let p(c) = -c**3 + 8*c**2 + 12*c - 3. What is the remainder when t(6) is divided by p(9)?
21
Let p(s) = -s**3 - 3*s**2 + 4. Let o = 16 - 19. Let b be p(o). Calculate the remainder when 67 is divided by ((-34)/4)/(b/(-8)).
16
Suppose -3*l = 4*g - 6*g + 1187, -3*g = -l - 1763. Calculate the remainder when g is divided by 49.
47
What is the remainder when (75 - -3)*396/54 is divided by 25?
22
Let o(c) = -c**3 - 19*c**2 + c + 24. Let t be o(-19). Suppose -x = 4*j + x - 146, 0 = -t*j - 4*x + 175. Calculate the remainder when 116 is divided by j.
38
Suppose -10 = -2*y + 4. Calculate the remainder when 4/y + (-52)/(-7) is divided by (-2)/4 + 22/4.
3
What is the remainder when 113 is divided by (528/(-308))/((-6)/224)?
49
Let c(b) = -4*b - 2. Let q = -71 - -116. Suppose 2*o - 7*o = -q. What is the remainder when o is divided by c(-2)?
3
Suppose 2*n - 6 + 0 = 4*g, -4*g = -4*n + 28. What is the remainder when 43 is divided by n?
10
Let x be ((-3)/(-4))/((-16)/(-3712)). Suppose 0 = 5*t - x + 19. What is the remainder when t is divided by 11?
9
Let y = 879 - -308. What is the remainder when y is divided by 99?
98
Let v = -3 - -2. Let m(a) = -6*a**3 - a**2. Let i(y) = 3*y + 5. Calculate the remainder when i(3) is divided by m(v).
4
Let l(k) = 8*k + 7. Let o be l(3). Let m = o + -19. Calculate the remainder when 23 is divided by m.
11
Suppose 294 - 138 = 6*c. What is the remainder when c is divided by 17?
9
Suppose -127 = -2*f + 3*d, -292 = -0*f - 5*f - d. Suppose -124 = 257*w - 261*w. Calculate the remainder when f is divided by w.
28
Let q(c) = -3*c**2 + 12*c + 4. Let d be q(9). Let j = d - -49. Let p = -55 - j. Calculate the remainder when p is divided by 10.
7
Let t = 46 + -24. Let a(z) = -3*z + 41. Let i(h) = h**2 + h - 2. Let o be i(-2). What is the remainder when a(o) is divided by t?
19
Suppose 0 = 4*c - 2*x - 30, -4*c - x = -9*c + 30. Suppose 25 = -0*n + c*n. Calculate the remainder when n is divided by 3.
2
Suppose 477 - 385 = 4*f. Calculate the remainder when f is divided by 6.
5
Let l be 54 + 4 + 2 + 2. Calculate the remainder when (-4)/(-4)*-1 + l is divided by 21.
19
Let u(p) = p + 16. Let j(o) = 5*o + o**2 - 2 + 7 - 9. What is the remainder when j(6) is divided by u(0)?
14
Suppose -7*w + 841 = 267. What is the remainder when 162 is divided by w?
80
Let c = 83 - 14. Suppose 3*g - c - 27 = 0. What is the remainder when 90 is divided by g?
26
Suppose 10 - 30 = -5*x. Suppose 0 = x*q - 61 + 5. Calculate the remainder when 25 is divided by q.
11
Suppose 4884 = 42*p - 28800. What is the remainder when p is divided by 23?
20
Let w = -1371 + 1611. What is the remainder when w is divided by 61?
57
Let n = 1954 + -1911. Let f = 0 + 9. Calculate the remainder when n is divided by f.
7
Let x = -205 - -283. Calculate the remainder when x is divided by 9.
6
Let x(o) = -14*o + 128. What is the remainder when 104 is divided by x(8)?
8
Suppose -3*q + 3*b + b = -1287, 0 = -5*q - 3*b + 2116. What is the remainder when q is divided by 45?
20
Let k = 386 - 367. Calculate the remainder when 58 is divided by k.
1
Let t = 53 - 6. Calculate the remainder when t is divided by -1*34/(-8)*4.
13
Let t = 37 - -149. Calculate the remainder when t is divided by 9.
6
Let y(h) = 4*h**2 - 16*h - 6. Calculate the remainder when 26 is divided by y(5).
12
Let t = 17 - 13. Suppose 0 = t*u - 20 - 52. Let a(d) = d**3 - 4*d**2 + 4*d - 6. Calculate the remainder when u is divided by a(4).
8
Let c = 29 + -25. Suppose 2*o + 248 = c*m - 98, 0 = -2*m - 5*o + 155. Calculate the remainder when m is divided by 22.
19
Let x be ((-3 - -3)/(-5))/(-1). Suppose 26 - 127 = -n + c, x = -2*c - 6. Calculate the remainder when n is divided by 20.
18
Let z(x) = x**3 - 7*x**2 - 1. Let d(t) = 7*t. Let g be d(1). Let f be z(g). Let a = f + 18. Calculate the remainder when 31 is divided by a.
14
Suppose -8*l - 196 = -10*l. Let k = l - 68. Calculate the remainder when 59 is divided by k.
29
Let u be ((-1)/(-3))/(6 - 37/6). What is the remainder when 143 is divided by 616/18 - u - 4/18?
35
Let z = 25 - 21. Suppose -103 = -3*f - 5*k - z, -k + 187 = 5*f. Let w = 38 + -24. Calculate the remainder when f is divided by w.
10
Suppose 0 = -2*z - 2 + 8. Suppose -4*w + 111 = z. Suppose -3*j - q + 26 = -2*q, -q = -2*j + 16. What is the remainder when w is divided by j?
7
Let j = -261 + 462. Calculate the remainder when j is divided by 70.
61
Let k = 2 + 19. Calculate the remainder when 39 is divided by k.
18
Let r(u) = 21*u**2 + 317*u - 22. Calculate the remainder when r(-16) is divided by 78.
48
Let b(v) = -6*v**2 - 36*v - 114. Let f(w) = -2*w**2 - 12*w - 38. Let c(d) = -4*b(d) + 11*f(d). Calculate the remainder when c(-6) is divided by 8.
6
Suppose 4*u - 3 = 5*u + 5*f, 0 = 2*u - 3*f - 20. What is the remainder when u is divided by 3?
1
Suppose -2*d 